 a. List the prime factors of z.
11
Let q(u) = 2*u**2 - 3*u + 2. Let f be q(-3). List the prime factors of (f/(-2))/(9/(-18)).
29
Suppose i + 2 = 0, 0 = 2*y - 2*i - i - 8. Let u be y/2*-2 + -1. List the prime factors of -2*(u - (1 - -1)).
2
Let y(d) = d**2 - 7*d + 4. Let g(c) = 4*c**2 - 27*c + 16. Let k(f) = 2*g(f) - 9*y(f). What are the prime factors of k(4)?
2
Let z(s) = 8*s + 8. What are the prime factors of z(5)?
2, 3
Suppose -a + 0*a = -5*r - 396, r = -a + 390. List the prime factors of a.
17, 23
Suppose 0 = g - 4 - 47. List the prime factors of g.
3, 17
List the prime factors of 31 - (0 + (7 - 3)).
3
Let r = -12 - -14. Suppose 0 = -z - 2*z - n + 97, 0 = -3*z + r*n + 85. What are the prime factors of z?
31
Suppose 6*t = 2*t - z - 7, 8 = -2*t - 2*z. Let s = t - -14. What are the prime factors of s?
13
Let h(l) be the third derivative of l**4/12 + l**3/3 - 2*l**2. Let c be h(9). Suppose c = n + 4*n. What are the prime factors of n?
2
Let n(s) = -18*s + 4. Let g be n(-2). Let b = -14 + g. List the prime factors of b.
2, 13
Let v = -1 + 1. Suppose 4*w - 44 = 4*g - v*g, -3*w = -g - 39. List the prime factors of w.
2, 7
Let p be -1 + 5 + (-1 - 0). Suppose p*q = q. What are the prime factors of 3*(1 - q/1)?
3
Let g(i) be the second derivative of i**4/6 - i**3/2 - 29*i**2/2 - i. Let z(b) = b**2 - b - 14. Let s(d) = -6*g(d) + 13*z(d). List the prime factors of s(-8).
2
Suppose -2*n + 11 = -3*n. Let h(c) = -c**2 - 12*c + 16. What are the prime factors of h(n)?
3
Let g(w) = 2*w**2 + 5*w + 11. What are the prime factors of g(5)?
2, 43
Let v = 218 + -131. What are the prime factors of v?
3, 29
Let g(w) = w - 8. Let z be g(8). Suppose 3*p = -5*a + 7, -4*p - a + z + 15 = 0. What are the prime factors of p?
2
Suppose -3*l - f = -11, -2*l + 2*f - 16 = -2*f. List the prime factors of l.
2
Suppose 5*f - 67 = -5*p + 418, 470 = 5*f + 2*p. List the prime factors of f.
2, 23
Let y = 8 + -9. Let x = y - 0. Let p(b) = -12*b**3 - b**2 - b. What are the prime factors of p(x)?
2, 3
Let n be (23/4 + -2)*20. Let b(j) = -j**3 - 5*j**2 - j + 1. Let t be b(-5). Suppose -t*x + n = -x. List the prime factors of x.
3, 5
Suppose 3*p - 60 = 6*p. Let j be 2/(-7) + (-162)/21. Let v = j - p. List the prime factors of v.
2, 3
Let r = 21 - -199. Suppose -l + r = 4*l. Suppose l = -f + 5*f. List the prime factors of f.
11
Let g be (2/(-1) - 0) + 0. What are the prime factors of 0/5 - 5*g?
2, 5
Let b = -4 + 6. Suppose 4*v = b*v + 38. What are the prime factors of v?
19
Let v(w) = -5*w**3 - 12*w**2 - 13*w - 9. Let m(s) = -3*s**3 - 6*s**2 - 7*s - 4. Let i(p) = 7*m(p) - 4*v(p). List the prime factors of i(6).
2, 13
Let r = -19 - -118. List the prime factors of r.
3, 11
Suppose r - 3 - 6 = 0. Let g = 6 - r. What are the prime factors of 7 - (4 - (g - -4))?
2
Let y(s) = s**2 + 8*s. Let z be y(-4). What are the prime factors of 2 + -2 + (1 - z)?
17
Suppose 9 = 4*j - 3. Suppose -t = -j*t + 74. What are the prime factors of t?
37
What are the prime factors of 4 + 0 + 5/15*69?
3
Suppose -4*m + v + 51 = 13, 3*m - 22 = 4*v. Let u(f) = -f**3 + 11*f**2 - 8*f + 2. List the prime factors of u(m).
2, 11
Let w(d) = 2*d**3 - 5*d**2 + 3*d + 3. Suppose -3*f + 2 = 8, -o + 7 = -2*f. What are the prime factors of w(o)?
3, 7
Suppose 2*d + 11 = 5*g, 4*d + 2 = 5*g - 5. Let x be (-2 + d + 1)*-29. Let i = -18 - x. List the prime factors of i.
11
Suppose -41*r = -36*r - 15. Suppose r*m + 22 = 4*m + 2*h, 0 = -5*m + h + 143. List the prime factors of m.
2, 7
Let p(j) = 8*j + 1 + 10*j**2 - 6*j**2 - 5*j**2 + 0*j**2. List the prime factors of p(3).
2
Let z(m) = m - 1. Let a be z(5). Suppose -2*u + 2*x = 0, a*u + 2*x = -x - 35. Let w = u + 9. List the prime factors of w.
2
Let a(f) = -3*f**3 - 2*f - 1. Let h(q) = q - 5. Let b be h(5). Suppose -3*l + b - 3 = 0. List the prime factors of a(l).
2
Suppose -4*h + 2*a = -10, 3*h + 2*a = 6*a - 5. What are the prime factors of h?
5
Let o = -11 + 47. List the prime factors of o.
2, 3
Let b(l) = 0 + 2*l - 1 + 0. List the prime factors of b(4).
7
Suppose u - 3 = -2*h + 1, 6 = 3*h + 2*u. Suppose -h*l = l - 15. List the prime factors of l.
5
Let k = -1 + 4. Suppose -o = k*o - 20. List the prime factors of o.
5
Let o(w) = -4*w**2 + w - 3. Let b be o(-3). Let x be (-6)/(-9) - (-86)/(-3). Let z = x - b. List the prime factors of z.
2, 7
Let f(j) = 17*j + 44. What are the prime factors of f(8)?
2, 3, 5
Suppose m + 0*m - 123 = 0. What are the prime factors of m?
3, 41
What are the prime factors of (-1)/(-3) + (-104)/(-3)?
5, 7
Suppose 2*p + 5*y - 117 + 24 = 0, -79 = -p + 4*y. Suppose -p = -4*o - 15. Suppose 7 = 3*r + 3*q - o, -2*r + 37 = -3*q. What are the prime factors of r?
11
Suppose 5*c - 17 = o, -c - 19 = -6*c + 2*o. Suppose 0 = 2*g - 5*v + 35, g = -c*g - 3*v - 5. What are the prime factors of (90/25)/((-2)/g)?
3
What are the prime factors of ((-4)/(-8))/(1/184)?
2, 23
Let q be (-5)/(-15) - (-77)/3. Let w = 36 - q. What are the prime factors of w?
2, 5
Let g(z) be the third derivative of -z**4/24 + 19*z**3/6 + z**2. List the prime factors of g(14).
5
Suppose -4*t + 20 = 8. Suppose 0*b - k - 58 = -2*b, -3*b + 87 = -t*k. List the prime factors of b.
29
What are the prime factors of 1 - -3 - 3 - -44?
3, 5
What are the prime factors of (-9)/(-3)*(14 + 1)?
3, 5
Let i(v) = -3*v. Let d(j) = j**2 - 2*j - 2. Let n be d(0). What are the prime factors of i(n)?
2, 3
Suppose 2*c - 18 = -5*n, -2*c + 12 = -4*n + 3*c. Suppose n*i = -0*i + 24. What are the prime factors of i?
2, 3
Let u(w) = w - 30. Let d be u(16). Suppose 0 = 4*a - 2*t - 38, -4*t - 1 + 5 = 0. Let i = a - d. List the prime factors of i.
2, 3
Let x = -116 + 167. What are the prime factors of x?
3, 17
Let q be (-2 - (0 - 1)) + 9. Let m = -4 + q. What are the prime factors of m?
2
Let d(g) = 16*g**2 + 12*g + 6. List the prime factors of d(-4).
2, 107
Let n(o) = -o**3 - 5*o**2 - 2*o - 3. What are the prime factors of n(-5)?
7
What are the prime factors of (-24)/9*(-117)/12?
2, 13
Suppose 0 = -0*g + 4*g - 28. Let s = g - 1. List the prime factors of s.
2, 3
Suppose 4 = -4*p - 4*z, -3*z = -z + 8. Suppose x = -2*f - 3*x - 18, -p*f = -3*x + 18. What are the prime factors of (f/(-3))/(3/9)?
7
Suppose 4*p = -0*s + 2*s - 8, -2*s = -3*p - 8. Suppose -3*a - h + 77 = p, 0*a + 33 = a + 4*h. List the prime factors of a.
5
Let p = -6 - 1. Let n = p - -9. Suppose n*x - 24 = -3*x - 3*i, 0 = x + 2*i - 2. What are the prime factors of x?
2, 3
Let a be (-1 + -2)*(-2)/(-3). Suppose -3*f + 20 = -8*f. Let l = a - f. What are the prime factors of l?
2
Let u(a) = a**2 - 6*a + 12. List the prime factors of u(9).
3, 13
Let m(i) = i + 21. What are the prime factors of m(-10)?
11
Let x = 20 - 9. Let j(g) = g**2 - 10*g - 6. Let u be j(x). Suppose -13 = -2*l + u. What are the prime factors of l?
3
Suppose 4*q - 6 = -2*g, 3*g - 5*q - 38 = 2*g. Suppose -2*y + g = m - 12, y - m = 20. Suppose y - 4 = j. List the prime factors of j.
11
Let v = -38 + 109. List the prime factors of v.
71
Let r(t) = -2*t. Let m be r(-2). Suppose -2*x - 48 = -k - 4*x, -m*k + 183 = 5*x. What are the prime factors of (-1)/(-2) - k/(-4)?
11
Let z be -2 + 2 + 1 + -1. Let d be z*1/(-3) + 20. Suppose 2*v = v + d. List the prime factors of v.
2, 5
Let b(f) = 2*f + 1. Let l be b(-2). Let r be (-2 - l)/((-1)/(-19)). What are the prime factors of r + -2 + -4 + 3?
2
Suppose 0 + 12 = 4*z. Suppose 3*a - z*f = 54 - 18, -5*a + 53 = 2*f. List the prime factors of a.
11
Let o(q) = -q**2 - 10*q - 11. Let x be o(-8). Suppose 0 = 4*r - x - 11. What are the prime factors of r?
2
Let u = 4 + -3. Suppose 2*d + 3*b - u = 0, -2*d = -d - 3*b - 5. Suppose -5*g + 54 = -c, 4*g - 44 = -d*c + 3*c. List the prime factors of g.
2, 5
Let x be 1 - 7/(21/(-6)). Suppose -x*s + 4*y = -69, -s + 6*s - y - 115 = 0. List the prime factors of s.
23
Let z(t) = -2*t**3 - 3*t**2 - 2*t - 3. Let g = 0 - -3. Let i be (9/6)/(g/(-4)). What are the prime factors of z(i)?
5
Suppose o + 1 = 0, -18 - 23 = 4*w - 3*o. Let a(b) = -b**3 - 10*b**2 + 10*b - 6. List the prime factors of a(w).
5
Suppose 2*m + 4*b + 28 = 0, -5*m - 46 = -0*b + 4*b. Let v be (-12)/10*20/m. Suppose q + q + v*t = 24, 18 = 5*q - 4*t. What are the prime factors of q?
2, 3
Let y = 61 - 31. Let f = 55 - y. List the prime factors of f.
5
Let m(y) = y**2 + 2*y - 13. What a